-29 - -47. Let j be 3/g - 29/(-6). Suppose -3*d = -9, i + 0*i + j*d - 69 = 0. What is the units digit of i?
4
Let y(i) = -2*i + 3*i**2 + 4*i + 6*i + 5*i. What is the tens digit of y(-7)?
5
Let n = -8 + 11. Suppose 4*i - h + 100 = i, n*h = -5*i - 176. Let u = i + 46. What is the tens digit of u?
1
Suppose 0 = -3*n - 5*k + 20, 2*n + 8 = 3*k - 4. Suppose 232 = 4*z - n*z. What is the tens digit of z?
5
Suppose 0 = -t + 4*t. Suppose -4 = 2*c, 4*q - 2*c = -t*c - 32. What is the units digit of 9*1 - (q + 6)?
2
Let x = 21 + -18. Suppose -16 = -i - x*i. Suppose 0 = s - 20 - i. What is the tens digit of s?
2
Suppose 0 = 10*f - 7*f - 27. Suppose -5*t - f*t + 3920 = 0. What is the hundreds digit of t?
2
Let h = 39 + -31. Suppose -4*j + 363 = 5*a, -2*a = -3*j + 247 + h. What is the tens digit of j?
8
Let h = 12 - 10. Suppose -3 = -4*d + j - 4, h*j = -4*d + 2. Let q = d + 10. What is the tens digit of q?
1
Suppose 5*y + p = 8884, 2*y + 2*p - 3536 = 6*p. What is the thousands digit of y?
1
Suppose 10*c - 5*f = 15*c - 18935, 5*f = 5*c - 18905. What is the thousands digit of c?
3
Let g(b) = 2*b - 1. Let i be g(0). Let j be 3 + 5 + 3/i. Suppose j*v + 2*c + 3*c - 370 = 0, -5*v - 3*c + 370 = 0. What is the tens digit of v?
7
Suppose 15 = 4*x + 3. Suppose -x*k = -32 - 175. What is the units digit of k?
9
Let p(k) = 41*k - 5. Let f(o) = 6*o**2 - 2*o. Let m be f(1). What is the units digit of p(m)?
9
Let v(s) = -s**3 - 2*s**2 + 13*s - 11. Let d(q) = q**2 + 7*q - 6. Let n be d(-7). What is the tens digit of v(n)?
5
Let j(a) = -119*a + 938. What is the hundreds digit of j(-5)?
5
Let p = -51 - -54. Let w(d) = 7*d + 8. What is the units digit of w(p)?
9
Let v = -10 + 8. Let n be 0/(3 + -2 - v). What is the units digit of (26 - (2 + n)) + -3?
1
Suppose 2916 = 2*q - 2*t, 0 = 74*q - 72*q - t - 2912. What is the units digit of q?
4
What is the tens digit of (-18)/(-4)*4*(-2095)/(-15)?
1
Let r(p) = 16*p**2. Let j be r(1). Suppose 3 + j = g. Let s = g + -10. What is the units digit of s?
9
Let g be ((-1)/(-2))/((-2)/4). Let q = 1 - g. Suppose -v - u = q*u - 9, 4*u = -4*v + 36. What is the units digit of v?
9
Let l = -1327 + 2077. What is the tens digit of l?
5
Suppose 0 = y - 15 + 5. Let a(u) = 3*u - 29. What is the units digit of a(y)?
1
What is the tens digit of (-15)/20*(-4102 + (0 - 2))?
7
Let k be -1 - 2 - -1 - -3. Let z be k/(0 - (-1)/97). Suppose 5*n - z = 48. What is the units digit of n?
9
Suppose -2*y = c + 3*y - 186, y = -2*c + 354. Let l be -118 - 2 - (1 + 5 + -3). Let g = c + l. What is the tens digit of g?
5
Suppose -s + 2*h - 4 = 3*s, s + 5*h - 10 = 0. Suppose s = -2*l - 3*i, -i + 0 = 4. What is the units digit of l/(-21) - 1476/(-21)?
0
Suppose -5*u + 9*u + 20 = 0. Let b(k) = -3*k - 5. Let w be b(u). Let i = w + -2. What is the units digit of i?
8
Suppose -b - 5*n - 15 = 0, 4*b - 13 = -2*n + 17. Suppose 2*s - b = -p - 2*p, 4*s = -p + 20. Suppose 15 = 2*l - s. What is the units digit of l?
0
Let h(t) = t + 18. Let o be h(-14). Suppose 0 = -o*k - 8, 2*y - 2*k = y + 171. What is the units digit of y?
7
Suppose 4*y + 769 - 2593 = 0. What is the hundreds digit of y?
4
Let b = -8 - -10. Suppose 3*y - 187 = -b*c, -2*c + 7*c + 20 = 0. Suppose 5*q = -0*q + y. What is the units digit of q?
3
Suppose p = -5*q - 28, 2*q + 2*q - 2*p = -14. Let y(c) = -2*c - 13. Let v be y(q). What is the units digit of (0 + v)/((-27)/423)?
7
Let w be 2 + (-2)/4*4. Suppose 2 = -w*z + z, -3*j + 108 = 3*z. Suppose 0 = -3*r - j + 85. What is the units digit of r?
7
Suppose 4*f - z = 4285, 2*f - z - 1410 = 735. What is the thousands digit of f?
1
Let p(r) be the second derivative of r**3/6 - 5*r**2/2 - 5*r. Let f be p(7). Suppose 3*t + f - 29 = 0. What is the units digit of t?
9
Let c(f) be the second derivative of 1/6*f**3 - 7*f**2 + 0 - 6*f. What is the units digit of c(15)?
1
Let y = 5 - 2. Suppose y*o = 4*d + 49, -2*d = -4*o - d + 74. What is the tens digit of o?
1
Let z = -55 + 51. Let n(g) = -26*g - 1. What is the units digit of n(z)?
3
Suppose h - 2*h + 612 = 0. Suppose -4*n - 2*n + h = 0. What is the units digit of n?
2
Let x(t) = 23*t + 1024. What is the thousands digit of x(0)?
1
Let i be 4/(-10) - (-4)/10. Let g(m) = m + 1. Let r be g(2). Suppose -4*s + i = r*f - 9, f = s - 11. What is the units digit of s?
6
Suppose 0*d = d - 684. Let y = d - 464. What is the tens digit of y?
2
Let h = -28 - -20. Let d = h + 8. Suppose d*z + 5*z = 235. What is the units digit of z?
7
Suppose 0 = -3*t + 9 + 3, 3*t = 5*k - 103. Let s be 1 - 0 - -4*17. Let n = s - k. What is the tens digit of n?
4
Let s = 37 + -34. Let t be 5/(-15) + 1/s. Suppose l - 22 - 26 = t. What is the tens digit of l?
4
What is the units digit of -7 + 460 + 3 + -7?
9
Let m = 44 + -63. Let r(c) = -c**2 - 26*c - 7. What is the tens digit of r(m)?
2
Let q = 147 - 1. Let k = q - 87. What is the tens digit of k?
5
Suppose -5*x = -2*p + 5, 3*p + 0*p = -4*x - 27. Let t be x/((-24)/20)*2. Suppose t*o + 5*y - 140 = 0, 2*o + y - 97 = -2*o. What is the tens digit of o?
2
Let h(u) = -109*u + 71. What is the tens digit of h(-8)?
4
Let y be (-6)/(-18) + (-35)/(-3). Suppose 3*f = 2*g + 2085, 0*g = -4*g - y. Suppose 4*s + 5*s - f = 0. What is the tens digit of s?
7
Let m(j) = 5*j**2 - 3*j + 1. Let f be (-4)/(-6) + (-65)/(-15). Suppose 2*z = f*z - 6. What is the tens digit of m(z)?
1
Let f(u) = 3*u**2 + 29*u + 3. Let r(l) = 2*l**2 + 29*l + 4. Let b(z) = 4*f(z) - 5*r(z). What is the units digit of b(15)?
7
Let z = -287 - -1082. What is the tens digit of z?
9
Suppose -113 = -4*h - 133. Let v(x) be the third derivative of x**5/20 + 7*x**4/24 + x**3/2 + 2*x**2. What is the tens digit of v(h)?
4
Let b(m) = -5*m**3 - 4*m**2 - 3*m + 3. What is the tens digit of b(-4)?
7
Suppose 0 = t - 4*k - 4073, t + 1555 - 5634 = 2*k. What is the units digit of t?
5
Suppose -5*u - 6038 = -2*v, -3*u = 4*v - 7185 - 4943. What is the units digit of v?
9
Let d(v) be the first derivative of -v**4/4 + 11*v**3/3 - 3*v**2/2 - 8*v + 2. Let a be d(10). What is the units digit of a*(-3)/12*-2?
1
Suppose 180 + 300 = 5*n + 5*l, 3*n - 2*l - 293 = 0. What is the tens digit of n?
9
Let k(w) = 857*w**2 + 38*w + 37. What is the units digit of k(-1)?
6
Suppose -28 = -8*h + 20. What is the units digit of (-4)/(-6)*117/h*2?
6
Let o = 93 - -169. Suppose o = 5*u + g - 2*g, -2*u = -5*g - 114. What is the tens digit of u?
5
Let q = 18 - 32. Let j = q + 56. Suppose 2*x = l - 23, -3*l + 2*x = -l - j. What is the tens digit of l?
1
Let c(g) = -3*g - 15. Let k be c(-5). Suppose k = -14*d + 13*d + 157. What is the hundreds digit of d?
1
Suppose 6*l = 3*l + 3. Let a be l + 36/(6/(-2)). Let k(c) = c**2 + 4*c - 25. What is the tens digit of k(a)?
5
Suppose 3*z = 2*f + z + 36, -2*z + 2 = 0. Suppose 5*m + 6 = -9. What is the tens digit of m + 4 - f - 0?
1
Let h be (-10)/40*40/(-2). Suppose m + 188 = h*m. What is the units digit of m?
7
Suppose 5*a + 15 = 0, -f + 2416 = -10*a + 5*a. What is the units digit of f?
1
Let g(n) = n**3 + 17*n**2 - 22*n - 36. Let x be g(-18). What is the units digit of 2538/x - (-2)/(-4)?
0
Suppose -2*r + 81 = r. Let f(c) = -3*c + 7. Let p be f(-2). Let y = r - p. What is the tens digit of y?
1
Let z be 2/(-4) - (-39)/6. Let w(o) = -3*o + 14. Let m(y) = -y + 7. Let c(h) = 7*m(h) - 4*w(h). What is the units digit of c(z)?
3
Let w = 6 - 3. Suppose m + 0*m = w. Let b = m + 3. What is the units digit of b?
6
Let i = 676 - 265. What is the tens digit of i?
1
Let h be (-1)/(1/(-4)) + 0. Suppose 3*m + z - 3*z - 88 = 0, h*z - 104 = -4*m. What is the units digit of m?
8
Suppose m + 2*d - d - 2219 = 0, 3*d - 11095 = -5*m. What is the thousands digit of m?
2
Let c(u) = 3*u**2 - 15*u + 16. Let n(b) = -b**2 + b - 1. Let l(j) = -c(j) - 5*n(j). What is the tens digit of l(-8)?
3
Let t(y) = 4*y + 146. Let h be t(0). Let d = h + 142. What is the hundreds digit of d?
2
Let a = 91 + -134. What is the tens digit of -2 - (3 - 3) - a?
4
Suppose 0 = -0*h - 3*h + 5*u + 28, -2*u - 13 = -3*h. Suppose -22 = i - h. What is the units digit of ((-36)/i)/(12/42)?
6
Let r = 13 + -9. Suppose 2*z - 1 = -i, 1 = 2*z + r*i + 3. Let o = 14 - z. What is the units digit of o?
3
Suppose j - 1 = 2*j, 4*j = -4*r + 476. Suppose 5*u = -m - m - 130, 4*m = -5*u - r. Let l = 62 + u. What is the tens digit of l?
3
Let 